+ 29*j = -34024. Suppose -h - 6780 = -5*h - 5*u, 5*h = 2*u + y. List the prime factors of h.
2, 5, 17
Suppose -5*h + 86 = 166. Let s(d) = -d**2 - 33*d - 9. What are the prime factors of s(h)?
263
Suppose -5*r - 151*h = -152*h - 16462, -3*h = 4*r - 13162. List the prime factors of r.
2, 823
Let z(v) = -3*v + 12. Let n(d) = 4*d - 11. Let h(a) = -5*n(a) - 4*z(a). Let j be h(-7). Suppose -5*t + j = 3*g, g + 1 = 2. What are the prime factors of t?
2, 3
Let g be (-1)/2 + (-105)/(-42). Suppose -2*o - g = 0, 0 = -q + o + o + 251. Suppose 0 = -a + 4*a - q. List the prime factors of a.
83
Let w = -334 + 118. Let f = 372 + w. Suppose 14*g - f = 11*g. What are the prime factors of g?
2, 13
Suppose -220*v + 262*v - 85302 = 0. List the prime factors of v.
3, 677
Suppose -p + 1295 = 3*v, -1207*v + 1206*v = -p + 1319. List the prime factors of p.
13, 101
Let x(m) = -4600*m - 3 + 5*m**2 + 3*m**3 + 3 + 4603*m. List the prime factors of x(4).
2, 71
Suppose 234*r - 206227 = 1512737. List the prime factors of r.
2, 3673
Suppose 0 = 2*t - 4, -5*v - 438*t + 442*t + 160012 = 0. What are the prime factors of v?
2, 3, 7, 127
Let y be (-5)/1 + 2 + 145 + 1. Suppose -5*r - 8*r + y = 0. Suppose 403 + 1203 = r*l. List the prime factors of l.
2, 73
Let o = -29 + 29. Suppose o = 2*g - 5*i + 6 - 4, -22 = 2*g + 5*i. List the prime factors of -42*-2*g/(-24).
3, 7
Suppose -2*n = -2*v - n + 549, -3*n + 1133 = 4*v. List the prime factors of v.
2, 139
Let o(l) = 226*l + 64. Let h be o(5). Suppose -h - 1137 = -9*i. List the prime factors of i.
7, 37
Suppose -190*m + 306741 + 484585 = -709294. List the prime factors of m.
2, 11, 359
Suppose 5*n - n + 720 = 0. Let r be 6/(-10) + (6 + 3 - 3807/(-45)). Let h = r - n. List the prime factors of h.
3, 7, 13
Let g be (9/(-6))/(9/12 - 0). Let b be (5 + (-3 - g))*-1. What are the prime factors of b/6 - 627/(-9)?
3, 23
Let u = -1103 + 2422. Suppose -8*z + 3*z = 4*t - 2683, -5*z - u = -2*t. What are the prime factors of t?
23, 29
Let s(y) = y**2 + 27 - 11*y + 5*y - 7. Let l be s(5). Suppose i - l*i = -420. What are the prime factors of i?
2, 3, 5
Let y = 255 + 139. Suppose y + 322 = 2*i. List the prime factors of i.
2, 179
What are the prime factors of (99/(-15) + 7)*-5*1540/(-8)?
5, 7, 11
List the prime factors of (-14)/154 - (-372905)/55.
2, 3, 5, 113
Let w be 3 - (56/(-140) + 31708/(-5)). Suppose -34*r + w = -19*r. List the prime factors of r.
3, 47
Suppose -137 = -t - 5*s, -3*s = 31*t - 32*t + 89. List the prime factors of t.
107
Suppose 124*a = 126*a - 4*d - 8388, -5*d + 8370 = 2*a. List the prime factors of a.
2, 5, 419
Let q(j) = -j**2 + 18*j + 24. Suppose 4*i = 7*i - 54. Let a be q(i). What are the prime factors of 1782/a - 3/12?
2, 37
Let r(g) = -13*g**3 + 2*g**2 - 4*g - 5. Let u be r(-2). What are the prime factors of (-2)/(-15)*3 + 55499/u?
3, 7, 23
Let r = -9 - 8. Let y = r - -22. Let a(g) = 18*g + 3. List the prime factors of a(y).
3, 31
Let u(c) = -112*c - 23. Let i(m) = -2*m**2 + 4*m + 2. Let p be i(-1). Let g be u(p). Let h = -247 + g. What are the prime factors of h?
2, 89
Suppose 33051 + 142594 + 4249 = 17*j. What are the prime factors of j?
2, 11, 13, 37
Let x be (5 - 8) + (-3 - -4 - -39). Suppose 1897 = 6*p + x. What are the prime factors of p?
2, 5, 31
Let p(b) = -62*b**2 + 3*b + 42. Let z(w) = -31*w**2 + 2*w + 21. Let f(q) = -3*p(q) + 5*z(q). List the prime factors of f(-4).
3, 157
Let m be 1/(-3) + 184/3 + 1. Suppose 2*v + m = 3*v - f, 4*v - 263 = f. Let w = v + 1. List the prime factors of w.
2, 17
Suppose u = 3*u - 6*u + 488. What are the prime factors of u?
2, 61
Let i(w) = w**3 - 7*w**2 - 28*w + 31. Let z be i(10). Let m = 58 - z. Suppose -23*r + 3968 = -m*r. What are the prime factors of r?
2, 31
List the prime factors of (459/(-5))/((-36)/10680).
2, 3, 17, 89
List the prime factors of (1 - 3/(-15))/((-207)/(-5510685)).
2, 15973
Suppose -7*g = -2*m - 4*g + 1398, 3470 = 5*m + 5*g. Let p = m + -476. Suppose -7*c = -3*c - p. What are the prime factors of c?
5, 11
Let s(n) = 1161*n**2 - 4*n - 2. Let u be s(-2). Suppose -10*t + u = 20*t. What are the prime factors of t?
5, 31
Let j be (-20)/(-6)*(7 + -4). Suppose 13*z - j*z - 15 = 0. Suppose -z*b + 128 = -4*b. List the prime factors of b.
2
Suppose 480 = 21*n + 19*n. Suppose 2212 = n*m - 644. What are the prime factors of m?
2, 7, 17
Let g(t) = -3*t**2 - 15*t + 17. Let q be g(-24). Let u = -921 - q. What are the prime factors of u?
2, 5, 43
Let g = -49 - -110. Let z = g + 2. Suppose z*t - 197 = 62*t. List the prime factors of t.
197
Let w(l) = -2*l**2 + 102*l - 104. What are the prime factors of w(43)?
2, 73
Let x be ((-12)/1)/(-3)*-1. What are the prime factors of 101/((-4)/(-10)*x/(-8))?
5, 101
Suppose 4*b = -3*i + 3074, -5*b - 780 = -i + 213. Let q = i + -395. What are the prime factors of q?
7, 89
Let j be -15*18/(-3)*193/(-9). Let k = j - -2738. What are the prime factors of k?
2, 101
Let x = -7252 + 4612. Let z be (4 - 1) + (x/(-3))/5. Let a = -34 + z. List the prime factors of a.
5, 29
Suppose -2 = -q - 0*c + 3*c, -4*c = 8. List the prime factors of (-2)/(q - ((-444)/447 + -3)).
2, 149
Let i = -6069 - -20167. List the prime factors of i.
2, 7, 19, 53
Let d = -4905 + 24914. List the prime factors of d.
11, 17, 107
Suppose -53*c - 11673 = -5*g - 57*c, g + 2*c - 2331 = 0. What are the prime factors of g?
3, 19, 41
Let u(s) be the second derivative of 0 - 18*s - 19*s**2 - 31/6*s**3. List the prime factors of u(-9).
241
What are the prime factors of 40913033/1513 + (1/3)/((-2)/(-6))?
2, 3, 4507
Suppose -40*d + 4*d = -21492. List the prime factors of d.
3, 199
Let d = 571 + 1271. List the prime factors of d.
2, 3, 307
Suppose 7*s - 25 - 136 = 0. Let y = s + -25. List the prime factors of 0 + -1 - (-102 + y).
103
List the prime factors of 7455636/5110 - 1/35.
1459
Suppose -25974 = -4*w - 2*w. Suppose -7*j = 1501 - w. Suppose 1671 - j = 7*r. What are the prime factors of r?
181
Let p(j) = -j**2 + 17*j - 3. Let a(v) = -2*v**3 + 9*v**2 - 9. Let h be a(4). List the prime factors of p(h).
67
Suppose -5*z + 3*d = -0*z - 25, 4*z = 3*d + 17. Suppose z*j - 1508 = -5*j. Suppose -5*t + j = w, 0*w + 2*w - 199 = t. List the prime factors of w.
101
Let z(q) = 2743*q**3 - 55*q + 106. What are the prime factors of z(2)?
2, 5, 1097
Suppose 0 = 11*b - 10*b - 3206. Suppose -7*h - 7*h = -b. What are the prime factors of h?
229
Let w be 1/((-5 + 3)/38)*-1. Let m(r) = -11 + 119*r**2 - 120*r**2 - 4 - w*r. List the prime factors of m(-10).
3, 5
Let f = 297 - 297. Let q be 2/(-6) - (-3)/9. Suppose -b + 91 = -q*p + p, -p = f. List the prime factors of b.
7, 13
Suppose -4 = -2*l - 0*l. Let j(t) = t**2 + 5*t - 11. Let a be j(2). Suppose 6*b = l*b + 8, -5*m = -a*b - 509. What are the prime factors of m?
103
Suppose 309*y = 695*y - 24336914. What are the prime factors of y?
7, 9007
Suppose -6*z + 3*l + 4743 = 0, z - 20*l + 17*l = 793. List the prime factors of z.
2, 5, 79
Suppose -2*u + 188 = -4*u. Let i = 993 + -835. Let s = u + i. List the prime factors of s.
2
Let j = -6068 + 48638. What are the prime factors of j?
2, 3, 5, 11, 43
Let d be 6230/105*(10 - 1). Let k = 348 + d. What are the prime factors of k?
2, 3, 7
Suppose -8*p + 5*p - 243 = 0. Let l be (-2862)/p*2/((-2)/129). What are the prime factors of l/(-22) - 6/33?
3, 23
Let y(f) = 147*f - 3619. List the prime factors of y(35).
2, 7, 109
Suppose -2*r + 51 = -5*f, -3*r - 2*f + 6 = -23. Suppose r*c - 18875 + 4666 = 0. List the prime factors of c.
1093
Suppose -91 + 11 = 5*g. Let w(v) = 20*v + 2*v**2 + 3*v + 1 + 1. What are the prime factors of w(g)?
2, 73
Let d = 146 - 142. Suppose -5*w + 2306 = -4*s, -d*s - 1382 = -5*w + 2*w. List the prime factors of w.
2, 3, 7, 11
Suppose p + 5*x = 93, -3*p + 158 = -3*x - 157. List the prime factors of p.
103
Let i(y) = -y**3 + 2. Let v be i(-2). Suppose -7*q + v = -5*q. Suppose 3*l - 310 = q*n, n + 0*n - 198 = -2*l. What are the prime factors of l?
2, 5
Let p(w) be the second derivative of -73*w**3/3 - 91*w**2/2 + 125*w. What are the prime factors of p(-10)?
37
Suppose 22*f - 71 = 83. List the prime factors of 7/(f/834) + 8 + -7.
5, 167
Let m(a) = 2 + 66 + 27*a + 0 + 108*a. List the prime factors of m(4).
2, 19
Let m = -18765 - -34029. What are the prime factors of m?
2, 3, 53
Let i = -115 + 115. Let p